. Let q be f(-16). What is the tens digit of -3*(5/((-30)/494) - q)?
3
Suppose 55*o - 967 = 408. Suppose o*t - 22*t = 834. What is the tens digit of t?
7
Let q(c) be the third derivative of 19*c**4/24 - 9*c**3/2 + 3*c**2. Let p = -1238 + 1250. What is the tens digit of q(p)?
0
Suppose -2*m = 0, -222 - 261 = 3*y + 3*m. Let w = -278 - y. Let x = 215 + w. What is the units digit of x?
8
Let t = -3610 + 11618. What is the units digit of t?
8
Let m(j) = -755*j + 23. Let u be m(4). Let i = -1905 - u. What is the units digit of i?
2
Suppose -10*k - 9*k = 285. What is the hundreds digit of (26 - 6)*(-108)/k?
1
Let l be 290*1*-1*9. Suppose -2*v - 125 = 5*h, -93*h + 4*v - 50 = -91*h. What is the units digit of -3 - (2/5 - l/h)?
1
Let p be (-6)/(-27) - 952/(-9). Let w be ((-1)/((-4)/(-7)))/(1/44). Let v = p + w. What is the units digit of v?
9
What is the tens digit of (17 + 7)*4122/27?
6
Let m(h) = 2*h**2 + 29*h + 7861. What is the hundreds digit of m(148)?
9
Let t(i) = 422*i - 3733. What is the units digit of t(44)?
5
Suppose 2*n - 372 = 5*s, -3*n - 3*s - 744 = -7*n. Let r = n + -43. What is the tens digit of r?
4
Let q = 1414 - -242. What is the units digit of q?
6
Let q(u) be the second derivative of -u**3/6 - 3*u**2/2 - 25*u. Let m be q(1). What is the hundreds digit of 2904/21 + 1/(14/m)?
1
Suppose m - 5*n = -48132, 4*m + 3*n - 6*n + 192596 = 0. What is the tens digit of (6/4)/((-52)/m)?
8
Suppose -33*g + 274 + 221 = 0. What is the hundreds digit of 1130/(5/g*6)?
5
Suppose -908656 - 770264 = -57*k - 446637. What is the tens digit of k?
1
Let t be 30/4*(72/(-10))/3. Let c(p) = p**3 + 17*p**2 - 17*p + 21. Let j be c(t). What is the tens digit of 193 + j + -1*1?
9
Let z(b) = b**3 - 26*b**2 + 24*b + 28. Let i be z(25). Suppose 0 = -3*u - 5*y + 11, -5*u + i*y = -0*u + 27. What is the units digit of -10*(3 + 1/u)*-3?
0
Let f(x) = 94*x**2 + 126*x - 1671. What is the units digit of f(21)?
9
Suppose 2*s - u - 26424 = 0, -4*u - u = -3*u. What is the hundreds digit of s?
2
Let j = 149 - 99. Suppose -f + 3*u + j - 5 = 0, -2*u - 277 = -5*f. Let k = f + -41. What is the units digit of k?
6
Let t(m) = 86*m - 2. Suppose -204 = -10*h - 14. What is the hundreds digit of t(h)?
6
Let d be ((-30)/(-18))/((-7)/(-12432)). Suppose 10*w - d = 6*w. What is the units digit of w?
0
Suppose -12 = 5*p - 32. Suppose p*o - 3*o - 574 = 4*g, 3*o = 2*g + 1672. What is the units digit of o?
4
Let v be (1/(-2))/(18/5076). Let h = -4 - v. What is the hundreds digit of h?
1
Let t(d) = 21*d**2 + 3*d - 3. Let j be t(2). Suppose 216 = -10*w + 726. Let y = j - w. What is the units digit of y?
6
Let v be (-28)/(-42)*6/1. Suppose -v = -4*t, 3*t + 1186 = 2*n - 157. What is the hundreds digit of n?
6
Suppose 0 = 2*y - 4*y - h + 59621, 2*y + 2*h - 59620 = 0. What is the ten thousands digit of y?
2
Let v(x) = 22*x + 22. Let i be v(-6). Let z be (-12)/((-30)/i*2/(-4)). Let r = 145 - z. What is the units digit of r?
7
Suppose -198*l + 207*l - 84213 = 0. What is the thousands digit of l?
9
Suppose -110*o + 489*o = 32264188 - 8969332. What is the hundreds digit of o?
4
Let y(z) be the second derivative of -z**4/12 - 11*z**3/6 - 13*z**2/2 + 27*z. Let v(m) = -m**3 + m**2 - 3*m + 4. Let o be v(2). What is the tens digit of y(o)?
1
Suppose -j + 6261 = 3*z, -2*j + 912*z = 913*z - 12512. What is the units digit of j?
5
What is the hundreds digit of (-19)/(95/(-30050))*4?
0
Let m be (-2 + 2 - 2)*(-20 + 49). Suppose -140 = -0*d - 5*d + 4*l, 0 = 5*d + 5*l - 185. Let p = d - m. What is the units digit of p?
0
Suppose -36*r + 2*r = -743685 - 63067. What is the hundreds digit of r?
7
Let j(k) = -21*k - 115. Let c be (3 - (-44)/(-12))/((-4)/(-78)). Let x(s) = -10*s - 57. Let u(m) = c*x(m) + 6*j(m). What is the units digit of u(16)?
5
Let w be 696/10 + 105/(-175). Suppose 5074 = 5*p + w*h - 71*h, -8 = 4*h. What is the units digit of p?
4
Let j = -613 - -1287. Suppose -y - p - 916 = -5*y, 4*p + j = 3*y. Let z = -110 + y. What is the tens digit of z?
2
Let z = -4218 - -11349. What is the tens digit of z?
3
Suppose 17*q = -23 + 380. Suppose -3*k + n + 74 = -266, -320 = -3*k - 4*n. What is the tens digit of ((-159)/(-12) - -1)/(q/k)?
7
Let m(z) = 724*z - 1582. What is the units digit of m(8)?
0
Suppose -44*y = 4*y - 254*y + 11268200. What is the units digit of y?
0
Suppose -29*o + 34*o = -3*m + 63238, -5*m - 2*o = -105403. What is the ten thousands digit of m?
2
Let b(m) be the third derivative of m**5/60 + m**4/12 - 5*m**3/3 + 16*m**2. Let u be b(5). Suppose j + u = 2*j - 4*w, -w = j. What is the units digit of j?
5
Let u = 1633 - 1189. What is the units digit of u?
4
Suppose -393*r = -505*r + 2809296. What is the units digit of r?
3
Suppose 23*p - 2*p - 546 = 0. Suppose -5*o + 581 = -m - p, 0 = 5*o + 5*m - 625. What is the units digit of o?
2
What is the tens digit of ((-16798)/4)/((-20)/80)?
9
Let i = 587 + -585. What is the units digit of i/((-8)/(-2249)) - (-2)/(-8)?
2
Let i be 3/(-2)*120/(-36). Suppose -i*x - x = -618. What is the units digit of x?
3
Let o(n) = 23 - 10 + 3*n + 26*n**2 - 12. Let j be o(5). What is the tens digit of (48/(-72))/(662/j - 1)?
1
Suppose -22*w - 22*w + 3080 = 0. Suppose 3800 = 3*x - s, -x + 1245 = -66*s + w*s. What is the thousands digit of x?
1
Let b(y) = -1518*y + 1644. What is the hundreds digit of b(-7)?
2
Suppose -t + 2*w = -6157, -4*t + 3*w + 9882 + 14731 = 0. What is the tens digit of t?
5
What is the units digit of ((-27746)/3)/((-34)/102)?
6
Let w = 3127 - 1835. Let m = w + -595. What is the hundreds digit of m?
6
Let k(b) = -1 - 1 + 16*b**2 - 4. Let o = 553 + -555. What is the units digit of k(o)?
8
Let o be 1705 - (1 - (-1 - -2)). Suppose -6*r = -r - o. What is the tens digit of r?
4
Let w be ((-390)/(-91))/(176/175 - 1). Let j = w + 1068. What is the thousands digit of j?
1
Let x = -337 - -425. Suppose 65*l + 42366 = x*l. What is the hundreds digit of l?
8
Suppose 74*g = 76*g. Suppose g = -10*y + 8*y + 1324. What is the hundreds digit of y?
6
Suppose 5*k + 610 = 10*k. Let q = k + -70. What is the units digit of 2/((-6)/9*(-12)/q)?
3
What is the ten thousands digit of (62/4)/(210/137340)?
1
What is the units digit of (-15 + 24)/(-9)*(1 - 4720)?
9
Let a(m) = 23*m - 1. Let z be a(-1). Let d = 2 - z. Suppose -w = 2*c - d, c - 2*c + 13 = 3*w. What is the units digit of c?
3
What is the tens digit of 1 - (-154)/(-11) - -9919?
0
What is the hundreds digit of (-9769 - 7)*(-1)/2?
8
Suppose -16*u = -14*u - 146. Suppose -78*c + u*c - 4*m + 4617 = 0, m - 1845 = -2*c. What is the tens digit of c?
2
Let m(l) = -21*l + 5. Let z be m(-2). Suppose z - 27 = 4*v. Suppose -5*u = c - 3, -2*u = v*c + 3*u - 115. What is the tens digit of c?
2
Let p = -2001 - -1354. Let w = -317 - p. What is the units digit of w?
0
Suppose -5*v + 3*y - 3 = 5, y - 12 = 4*v. Let k be (558/v + 0)*(-12)/9. Suppose b = 3*h + 42, 0 = b - 4*b - 3*h + k. What is the tens digit of b?
5
Let z = -35 - -115. Let x = 201 - z. Let w = -86 + x. What is the tens digit of w?
3
Let q = 76 + -74. Suppose -4*k = 3*t, q*t - 3*t = 5*k - 11. What is the units digit of (1 - k - (-1 - 3)) + 58?
0
Suppose -53 + 18 = -3*g + 4*s, 0 = -3*g - 2*s + 5. Let b = 616 - 274. Suppose 3*p + b = -a + g*a, -5*a + 433 = -p. What is the tens digit of a?
8
Suppose 0 = -76*i - 317 + 20077. What is the hundreds digit of i?
2
Suppose 7328*f - 7316*f - 63012 = 0. What is the thousands digit of f?
5
Let s(p) = -15*p**2 + 2*p + 1. Let d be s(-1). What is the units digit of -202*4/d - 7/14?
0
Let v(j) = 66*j**2 + 11*j + 53. What is the thousands digit of v(-8)?
4
Let p = 570 - 287. Suppose -6*x + 4*x + 265 = c, c = 4*x + p. What is the tens digit of c?
7
Let q = -10491 - -22223. What is the thousands digit of q?
1
Let c(q) = q - 1. Let i(r) be the third derivative of -3*r**4/4 - r**3 + 6*r**2. Let d(l) = -15*c(l) - i(l). What is the units digit of d(5)?
6
Suppose -4*x = x + 2*a - 20, 0 = 3*x - a - 23. Suppose -3*i + 2034 = s, -x*i + 4*s + 3407 = -i. What is the tens digit of i?
7
Let u(b) = b**2 - 11*b - 34. Let w be u(12). Let q(i) = -21*i - 59. What is the tens digit of q(w)?
0
Let g(u) = u**3 + 8*u**2 + 10*u + 23. Let n be (-114)/18 + 2/(-3). Let s be g(n). What is the tens digit of (192/(-9))/((s/(-3))/2)?
6
Suppose 2*f - 60196 = -4*t, 3*t - 45141 = -14